))/((-292)/(-7446))?
9
Let d(a) = 50*a**3 + 4*a**2 - 29*a - 37. What is the tens digit of d(7)?
0
Let r(s) = 2*s**3 + 20*s**2 + 20*s + 8. Let l be r(-10). What is the tens digit of (2 - l) + 7 + -1?
0
Let u = 658 + -666. Let f(i) = -55*i + 11. What is the tens digit of f(u)?
5
Suppose 190*v = 41*v + 162487 + 1216806. What is the thousands digit of v?
9
Let q = 1393 + 4713. What is the hundreds digit of q?
1
Let k(i) = 4*i + 1. Let v(t) = 220*t + 15. Let l(u) = -30*k(u) + v(u). What is the hundreds digit of l(8)?
7
Let o = 35 - 35. Let c(s) = o - 10 + 2*s + 4*s. What is the tens digit of c(5)?
2
What is the tens digit of 2 - (2 + 2) - (-144)/64*14284?
3
Let m be ((-3)/(-2))/((-43)/1720). What is the tens digit of m/2*(-2116)/138?
6
Suppose 283*m - 114*m - 122*m = 2674206. What is the thousands digit of m?
6
Let o(y) = 58*y + 16. Let v = 210 + -203. What is the tens digit of o(v)?
2
Suppose 29*c - 31*c = -13208. What is the thousands digit of c?
6
Suppose -6197 = -4*n - 4*x + 5111, 3*n + 5*x - 8485 = 0. What is the hundreds digit of n?
8
Suppose -327*f + 323*f + 66336 = 0. What is the hundreds digit of f?
5
Suppose 4 = -4*p, 3*y - 82 = 7*y + 2*p. Let d = y + 26. Suppose -70 = d*f - 664. What is the units digit of f?
9
What is the hundreds digit of 252/924 - 263768/(-44)?
9
Let m = 233 + -229. Suppose -3*z + 421 = a - 4*z, -m*z + 12 = 0. What is the hundreds digit of a?
4
Let u(b) be the second derivative of 5*b**3/3 + 7*b**2 + 17*b. Let c be u(-2). Let y(f) = -f**3 + 15*f + 3. What is the hundreds digit of y(c)?
1
Suppose 3*j = -5*t + 282, -j - 3*t + 94 = -6*t. Suppose 0 = f - 2*d - j, d - 8 = -d. What is the units digit of f?
2
Let u(x) = -45*x + 12. Let m be u(-5). Suppose 1113 = 12*a + m. What is the tens digit of a?
7
Let d = -8631 - -12732. What is the tens digit of d?
0
Let a = -274 - -204. Let p = a + 702. What is the units digit of p?
2
Let n = -11 + 27. Let i be (10/4)/(8/n). Suppose 3*s + 5*k = 407, i*s - 632 = -k + 39. What is the units digit of s?
4
Let u(a) = -4109*a - 197. What is the hundreds digit of u(-12)?
1
Let g(n) = 64*n - 1667. What is the tens digit of g(30)?
5
What is the thousands digit of 4/(-3) - 31/(1953/(-603750))?
9
Let w(o) = -o**3 + 37*o**2 - 74*o + 5. What is the units digit of w(26)?
7
Let q be ((-35)/15 - -7)*-3. What is the units digit of 845 - 7/q*14?
2
Let r be (-899)/2 + 3*1/(-2). Let l = r - -665. What is the hundreds digit of l?
2
Let c = 24 + -75. Let m = 54 + c. Suppose 2*g - 232 = -r, 4*r - 4*g = -m*g + 910. What is the units digit of r?
8
Let i = 400 + 3303. Suppose 0 = -3*q - 427 + i. What is the tens digit of q?
9
Let h(v) be the first derivative of -v**4/4 - 10*v**3/3 + 7*v**2/2 - 25*v + 40. What is the units digit of h(-12)?
9
Suppose 80*k - 44*k - 171036 = 0. What is the tens digit of k?
5
Suppose j = 2*q + 590, 2355 = 4*j - 5*q + 2*q. Suppose 10*c - 4*c + j = 0. Let h = -33 - c. What is the tens digit of h?
6
Suppose -a - 431 = -4*z, -4*z + 2*a + 437 = 7*a. What is the units digit of (z/8)/9*884/3?
2
Let h = 2137 + -2022. Let y(k) = 3*k - 3. Let p be y(2). Suppose 0 = p*q - 344 - h. What is the tens digit of q?
5
Let z(k) = -141*k + 1220. What is the tens digit of z(7)?
3
Let z = -56 + 90. Let v = 32 - z. What is the units digit of -3*((128/(-12))/1 - v)?
6
What is the units digit of -2 - ((-607545)/72 + 3/24)?
6
Suppose 4*t + 4*l = 5*t - 7, -3*t + 4*l = -13. Suppose -170 = -7*y - t*y. What is the units digit of y?
7
Suppose s + 61*z - 18781 = 60*z, -5*z = 2*s - 37577. What is the units digit of s?
6
Let u = -4660 - -6535. Suppose -3 = -h, -5*l + 2*h + u = -3*h. What is the tens digit of l?
7
Suppose 2*r - r - 16 = -5*l, -r + 25 = -4*l. Let g = 21 - r. Suppose 7*i - 249 - 353 = g. What is the units digit of i?
6
Let s = -51 + 46. Let t(w) = -5*w - 21. Let i be t(s). Suppose -6*h - 13 = -a - i*h, 4*a + 2*h = 32. What is the units digit of a?
9
Suppose g = 6*g + 120. Let m = -24 - g. Suppose 3*z - 5*w - 229 = m, -3*w = -5*z - 5*w + 392. What is the units digit of z?
8
Suppose -20*r - 23522 = -r. Let t = r + 2874. What is the thousands digit of t?
1
Suppose 1149040 = 210*i - 6467240. What is the thousands digit of i?
6
Suppose 312175 = 7*z - 10*z + 28*z. What is the tens digit of z?
8
Suppose -4*m + 38 = 22. Suppose -q + 2*c + 2 = 3*c, 5*c = -m*q + 12. Let r = 7 - q. What is the units digit of r?
9
Let n = 27777 - 3842. What is the tens digit of n?
3
Let s = 53037 + -37776. What is the thousands digit of s?
5
Let m = 313 - 205. Let a = m + -48. Suppose 5*t + a = 11*t. What is the units digit of t?
0
Let k(p) = p**3. Let j(d) = -17*d**3 + 3*d**2 + 3*d - 12. Let x(g) = -j(g) - 6*k(g). Let m be x(5). Suppose 9*n = m - 460. What is the tens digit of n?
9
Suppose -26 = -6*m - 2. Suppose -m*j + 4*n + 1840 = 0, 2316 = 5*j - 2*n + n. Suppose -58*q = -54*q - j. What is the hundreds digit of q?
1
Suppose 17*h + 212 = -587. Let t = h + 120. Let i = t + -66. What is the units digit of i?
7
Suppose 0 = -4*l - 3*f - 1855, -2314 = 5*l - 0*f - f. Let i = l - -1188. What is the units digit of i?
5
Suppose -7*t + 46 - 53 = 0. What is the units digit of -5 + t + (-31170)/(-30)?
3
Let h be -6*3/(9/2). Let w(u) = -2152*u**2 + 0*u - 1 - 6*u + 2155*u**2 - 1. What is the units digit of w(h)?
0
Suppose -131*s = -120*s - 363. Let g(q) be the first derivative of -q**3/3 + 20*q**2 + 2. What is the tens digit of g(s)?
3
Suppose -64*y + 1373714 = -2447534. What is the hundreds digit of y?
7
Let k(j) = -j**3 - 18*j**2 + 40*j + 6. Let w be k(-20). Suppose -4 = b, -w*p + 3227 = -p - 3*b. What is the units digit of p?
3
Suppose -2*l - 19788 = -4*s, -773*s - 4*l + 9924 = -771*s. What is the thousands digit of s?
4
Let h(a) = -a**2 - a + 134. Let t(o) = -o**2 + 3. Let v be t(-3). Let j(z) = -z**3 - 6*z**2 - 3*z - 18. Let g be j(v). What is the tens digit of h(g)?
3
Suppose -3*o + 87053 = -5*b, 18*o - 16*o + b = 58031. What is the tens digit of o?
1
Suppose r + 12 = 4*r. Let q(u) = -2*u + 268. Let s be q(35). Suppose k - r*k = -s. What is the units digit of k?
6
Let d(g) = -6*g. Let u be d(-1). Let y(b) = -3*b**2 + 2*b. Let z(w) = 2*w**2 + 2*w - 17. Let l(j) = -2*y(j) - z(j). What is the hundreds digit of l(u)?
1
Let s(m) = -20*m - 329. Let l be s(-16). Let z = -12 - -3. What is the units digit of (-60)/l*-2*z/12?
0
Let h(o) = -o**3 - 4*o**2 - 2*o + 1. Let b be h(-8). Suppose -5*z + 3*z + 2 = 0, 2*a - z + b = 0. Let c = -56 - a. What is the tens digit of c?
8
Let v = 49476 - 28540. What is the tens digit of v?
3
Suppose 7*d - 173 = -26. Let c = d + 0. Let b = 36 - c. What is the tens digit of b?
1
Suppose 0 = -b - 2 + 4. Let v = b - -2. Suppose 0 = h - 3*h + 4*k + 116, v*h - 212 = -2*k. What is the tens digit of h?
5
Let l be 2 - (-1 + 1) - (-63 + -5). Let f = l + -80. What is the tens digit of (f/6)/((-9)/135)?
2
Let n = 372 + -420. Let r(p) = -p - 8. Let a be r(-5). What is the units digit of (976/n)/(1/a)?
1
Let v(f) = 15*f**3 + f**2 - 7. Let c be v(4). Let s = c + -494. Suppose 4*w + 475 = 5*k, 6*k - 3*w - s = k. What is the units digit of k?
5
What is the thousands digit of (143/(-33) - 2*-2)*10*-1044?
3
Let d be 0/10 - 1*-3. Suppose 2*g + 3*g - 5*w = 105, g - 15 = d*w. What is the units digit of (1*-2)/(g/(-2796))?
3
Let p(s) = s**3 + 10*s**2 - 53*s + 18. Let k be p(-14). What is the units digit of -3012*((-80)/k)/(-10)?
4
Suppose 0 = 2*d - 3*y, 4*d = y + 4*y. Let a be (-294)/42 - (d - -1)*3. Let g(r) = -18*r - 6. What is the tens digit of g(a)?
7
What is the units digit of 4564/652 - (1 + -49472)?
8
Let l(f) = -420*f + 44. What is the tens digit of l(-2)?
8
Let s(z) = 2093*z**2 + 31*z - 7. What is the units digit of s(-2)?
3
Suppose -2*m + 7*m = -4*a + 89777, -5*m = -2*a + 44881. What is the ten thousands digit of a?
2
Let u = 108177 - 53997. What is the tens digit of u?
8
Let a(k) = -121*k + 133. What is the tens digit of a(-11)?
6
Let l be 20/(-350)*-7 - (-653)/5. What is the units digit of l/(8/4 + 3/(-2))?
2
Let i be (-58 - -3) + 12/2. What is the hundreds digit of 1401/6 + (3 - i/(-14))?
2
Suppose 2*f = 2*c + 2774, -3*f + 6*f + 2*c - 4171 = 0. Suppose -5*o + 1970 = 4*b - 799, 2*b + o - f = 0. What is the hundreds digit of b?
6
Let m(o) be the first derivative of 53*o**2/2 + 5*o - 404. Let v = 8 + -6. What is the tens 